ommon divisor of 56 and a?
14
Let w(p) = -2*p + 4. Let a be w(-38). What is the highest common divisor of 1136 and a?
16
Let n(l) = 26*l + 50. Let k(i) = -27*i - 49. Let o(y) = -5*k(y) - 6*n(y). Let j be o(-7). Calculate the greatest common factor of j and 4.
4
Let i(z) = -z**3 - 25*z**2 + 28*z + 47. Let x be i(-26). Let c(v) = -8*v + 147. Let r be c(x). What is the highest common divisor of r and 11?
11
Let a be 54 + 1 + 0/(10 + -4). Suppose 101*f = 106*f - a. What is the greatest common divisor of 473 and f?
11
Let h(p) = -715*p + 704. Let n be h(-9). Calculate the greatest common factor of n and 22.
11
Let p = 7215 - 6354. Calculate the greatest common factor of p and 82.
41
Let p be -5 + 0 - (-62 + 0). Let a be (1 + -4)/(-3)*p. What is the greatest common factor of a and 76?
19
Suppose 25 = 5*q, -7*d + 11*d = q + 115. Let z be 4 - (d/(-5) + 4). What is the greatest common factor of z and 26?
2
Let d = -26160 - -26979. What is the greatest common factor of d and 1755?
117
Suppose 15*h - 25*h + 28512 = 23*h. Let g(x) = -x**3 + 11*x**2 - 7*x + 2. Let r be g(10). What is the greatest common factor of r and h?
32
Suppose -579 = -31*i + 3761. What is the greatest common divisor of 1260 and i?
140
Let p(s) = 78*s - 16. Let a be p(5). Let g = 735 + -701. What is the greatest common factor of g and a?
34
Suppose -4*n - 4*i + 1572 = 0, 771 = 2*n - 4*i + i. Suppose 5*u = y + 5020, -u = 5*y - n - 588. What is the greatest common factor of u and 17?
17
Let q be 1 - 2 - (5696/(-8))/8. Let n = -75 + q. Suppose 52 = -2*j + 6*j. What is the highest common factor of j and n?
13
Let f be (-2*3)/((-450)/111 - -4). Calculate the greatest common divisor of f and 33.
3
Let s(b) = -b**2 + 72*b - 1142. Let y be s(36). What is the greatest common factor of y and 2387?
77
Let f = -87 - -91. Suppose f + 8 = -3*o, 20 = 2*k + 2*o. Suppose -108 = -c + w + k, 106 = c - 5*w. What is the highest common factor of c and 6?
6
Let m = 901 + -506. Let v = m + -123. Calculate the highest common factor of 17 and v.
17
Let c(a) = a**3 - 10*a**2 - 10*a - 11. Suppose -3*u - 2*u = -45. Let y be c(u). Let x be 12/(-54) + y/(-9). What is the highest common divisor of x and 30?
10
Let f be 4/(-38) + 1836/114. Suppose 5*t - d - f = 0, d + 2 = -d. Suppose s - 20 = -t*s. What is the highest common divisor of 85 and s?
5
Suppose 0 = -3*v - 2*v + 65. Let l = -232 + 317. Let u = -72 + l. Calculate the highest common factor of u and v.
13
Let o be 116/(-6)*9/(-6). Let r = -573 + 575. Suppose 0 = 3*z + 15, -5*l + z - r*z + 1155 = 0. Calculate the greatest common factor of l and o.
29
Suppose 32 = 111*t - 79*t - 96. Suppose c - 6*c + 20 = 0. Suppose -k - 3*s - 2*s + 29 = 0, 4*k - c*s - 188 = 0. What is the highest common divisor of k and t?
4
Suppose -u + 4 = 0, -4*u = 2*d - 8*u - 74. Let f(m) = 62*m - 13. Let b be f(1). Suppose -40*w + b*w = 162. Calculate the greatest common factor of w and d.
9
Let x(r) = -94*r + 1483. Let g be x(9). What is the highest common divisor of 392 and g?
49
Suppose -i + 2*a + 2 - 4 = 0, 0 = 5*i - 5*a - 5. Suppose 0 = -i*q + 16, -q = -2*o + 3*q + 60. Calculate the greatest common factor of 38 and o.
38
Suppose -2*p + 42 = -4. Suppose p*l = 28*l - 100. What is the greatest common factor of 540 and l?
20
Suppose -2*a + 1274 = a - 5*d, 0 = -4*d + 8. Suppose -4*g = 60 - a. What is the greatest common factor of g and 12?
4
Let q = -35 + 52. Let u(l) = 7*l**2 - 1405*l - 5630. Let s be u(-4). Calculate the highest common divisor of q and s.
17
Let m(g) = 25*g**2 + 92*g + 136. Let k be m(-2). What is the greatest common factor of 206 and k?
2
Let t(l) = -3*l**2 - 90*l + 197. Let z be t(-32). What is the greatest common factor of 262 and z?
1
Let o(q) = q**2 + q - 16. Let d be o(7). Suppose -7*p + 69 = -106. What is the greatest common divisor of p and d?
5
Let w be 588/27 - (-2)/9. Let q(m) = -2*m + 14. Let j be q(9). Let g be (-1 + (-113 - j))/(-2). Calculate the highest common factor of g and w.
11
Let d be (5 - 2)/(9/15). Suppose d = y - c, -9*y - 4*c = -4*y - 52. Calculate the highest common factor of y and 2.
2
Let d = -53 - -79. Let b be 1660/d + (-56)/(-364). Calculate the greatest common divisor of b and 144.
16
Let k(z) = -z**3 - 23*z**2 - 18*z + 93. Let v be k(-22). Suppose -r = -v*l + 1441, 0 = 8*l - 10*l - 3*r + 590. Calculate the greatest common factor of l and 34.
17
Suppose -44*d + 5 = 2*j - 41*d, 0 = -j + 2*d + 13. What is the highest common factor of j and 2723?
7
Let k(h) = -3*h + 53. Let c be k(-39). What is the highest common divisor of c and 320?
10
Let k be ((-2)/(-9)*3)/((-13)/312). Let v = k - -40. Suppose v = t + t. What is the highest common divisor of t and 6?
6
Let s be ((-42)/(-9))/1*(-9)/2. Let p be 5 + 7/(s/6). Suppose -3*v + 28 = 2*q, -p*v + 2*q + 36 = 2*v. What is the highest common divisor of 24 and v?
8
Let l be -3 + (-11)/(-1) + (-17)/(17/(-2)). What is the greatest common factor of l and 6730?
10
Let z be 4/(-10) + 544/(-40)*-49. Let j = z - 0. Calculate the greatest common factor of 74 and j.
74
Suppose -r = -2*r - 3. Let k be (-2 + -3 + 6)/(r/(-54)). What is the highest common divisor of 12 and k?
6
Let j(r) = -19*r**2. Let h be j(2). Let n = h + 296. Suppose 0 = -2*k + 2, -k + 7 = 2*s - 34. Calculate the highest common divisor of n and s.
20
Let q be 2/12 + 4 + (-226)/(-12). Suppose -4*k + 21*u - 19*u + 372 = 0, 3*k - 280 = 2*u. Calculate the highest common factor of q and k.
23
Suppose 5*l - 7803 = -3*z, 48*z - 52*z = -24. Calculate the highest common factor of l and 135.
9
Let l(q) = -2*q - 29. Let d be l(-18). Suppose 0 = -0*f - d*f + 98. Let y = 50 - -48. What is the greatest common factor of y and f?
14
Suppose 6596 - 6476 = 5*a. Suppose 5*q - 174 = 4*u, 2*u + 100 = -5*q + q. Let p = u - -110. What is the greatest common factor of p and a?
8
Let k = 229 - 216. Let d be 3212/8 - (-3)/2. Calculate the highest common divisor of k and d.
13
Suppose -3*b - 5*p = -434, -b + 150 = -85*p + 88*p. Calculate the highest common divisor of b and 5198.
46
Let y = 2 + 0. Suppose -3*c - 19 = -526. Suppose -c = -3*z - u, u - y = z - 53. What is the highest common factor of 11 and z?
11
Suppose 34 = 3*r - s, s - 56 - 14 = -5*r. Let a be 970/(-4) - 1/((-2)/(-3)). Let q = a + 361. Calculate the highest common factor of r and q.
13
Let d(o) = -o**3 + 34*o**2 - 84*o - 118. Let p be d(31). Calculate the highest common divisor of p and 828.
23
Let d(k) = k + 18. Let m be d(5). Let u be (m + (0 - 0))*27/9. What is the highest common factor of u and 299?
23
Let w be 5/((-110)/4) + ((-832896)/88)/(-4). What is the greatest common divisor of w and 1638?
182
Suppose 2*u + 3*z = -u + 87, -z = -u + 29. Let p be 11/((-470)/3190 + (-2)/(-11)). What is the greatest common divisor of p and u?
29
Let m(d) = 18*d**2 - 41*d - 179. Let s be m(-3). Calculate the highest common factor of s and 14575.
53
Let i(d) = 20034*d - 19813. Let f be i(1). Let o be (0 - 2)/(2 - 1). Let p(t) = -6*t + 1. Let v be p(o). Calculate the highest common divisor of f and v.
13
Let h(x) = -x**3 + 10*x**2 + 6*x - 60. Let y be h(4). What is the highest common divisor of 885 and y?
15
Let a(v) = -v**2 - 3*v + 21. Let r be a(3). Let i be (-7 + 2)/(r/(-171)*3). What is the highest common factor of i and 10?
5
Suppose -3*b = 4*u - 15, 0 = -u + 2*b + 3*b - 2. Suppose -129 = u*l - 6. Let w = 55 + l. What is the highest common divisor of 28 and w?
14
Let a be (-2)/(-4) - -1*44/8. Let f be (a/(-5))/(7/280*-2). Calculate the highest common factor of 132 and f.
12
Let r = 212 + -140. Suppose -13*g + 506 = -664. Calculate the highest common divisor of r and g.
18
Let t = 1558 + -895. Calculate the greatest common factor of 17 and t.
17
Let o be 12/3 - (1 - 2). Let v(n) = 2*n**2 - 4*n - 4. Let w be v(o). Let q = -8 + 47. Calculate the greatest common factor of q and w.
13
Let s = 96 - 68. Suppose 2*d - 10 = -0*d. Let o(f) = 2*f + 4. Let u be o(d). Calculate the highest common divisor of u and s.
14
Suppose 0 = -5*m + 116 + 84. Suppose -9*z - 4 = -10*z. Let x be 9 - z - -58 - (-4 + 7). What is the greatest common divisor of m and x?
20
Suppose 4*h + 4 = 0, 3*h = -2*t + 6*t - 203. Calculate the greatest common divisor of 650 and t.
50
Suppose -4*k + f = -9*k + 193, 205 = 5*k - 5*f. Let h be (-1002)/(-